se 8?
140
Convert 6 (base 14) to base 5.
11
What is -16 (base 9) in base 3?
-120
Convert 13 (base 9) to base 8.
14
Convert 1115 (base 6) to base 3.
100202
-31 (base 5) to base 2
-10000
What is 142 (base 13) in base 10?
223
What is -90 (base 13) in base 2?
-1110101
Convert 100110 (base 2) to base 4.
212
Convert 10 (base 2) to base 8.
2
Convert -e (base 15) to base 9.
-15
Convert 2 (base 7) to base 4.
2
What is -6 (base 8) in base 16?
-6
What is -8 (base 9) in base 2?
-1000
What is -3 (base 16) in base 15?
-3
-4 (base 12) to base 5
-4
What is 48 (base 9) in base 8?
54
What is -6b (base 12) in base 11?
-76
-27 (base 9) to base 10
-25
What is c1 (base 16) in base 15?
cd
Convert 2 (base 6) to base 14.
2
What is 5 (base 12) in base 3?
12
Convert -3 (base 7) to base 16.
-3
Convert 111 (base 11) to base 5.
1013
Convert -1000011 (base 2) to base 15.
-47
32 (base 13) to base 16
29
-22 (base 3) to base 11
-8
-249 (base 11) to base 15
-14a
-28 (base 11) to base 14
-22
Convert 6 (base 10) to base 13.
6
What is 403 (base 8) in base 3?
100121
Convert 1023 (base 6) to base 7.
450
-161 (base 9) to base 7
-253
1 (base 6) to base 9
1
Convert -69 (base 13) to base 14.
-63
Convert 0 (base 13) to base 10.
0
Convert 201 (base 4) to base 8.
41
What is 1 (base 4) in base 5?
1
Convert 5 (base 16) to base 4.
11
Convert 0 (base 13) to base 11.
0
Convert -10 (base 4) to base 3.
-11
11 (base 11) to base 8
14
What is -72 (base 13) in base 4?
-1131
-29 (base 11) to base 3
-1011
7 (base 14) to base 10
7
Convert 0 (base 9) to base 15.
0
22 (base 15) to base 9
35
What is -1 (base 5) in base 4?
-1
Convert 0 (base 6) to base 13.
0
-2d (base 14) to base 7
-56
Convert 0 (base 13) to base 9.
0
11011 (base 2) to base 15
1c
30 (base 6) to base 14
14
Convert -171 (base 13) to base 14.
-149
Convert 0 (base 12) to base 3.
0
What is 9 (base 10) in base 14?
9
0 (base 13) to base 4
0
Convert -202 (base 5) to base 15.
-37
Convert -140 (base 5) to base 12.
-39
-18 (base 13) to base 11
-1a
Convert 3 (base 13) to base 5.
3
Convert 0 (base 8) to base 13.
0
Convert 100 (base 3) to base 12.
9
-17 (base 14) to base 15
-16
-15 (base 11) to base 7
-22
-73 (base 15) to base 5
-413
What is 281 (base 10) in base 13?
188
2 (base 8) to base 11
2
What is -17 (base 10) in base 12?
-15
What is -2 (base 12) in base 2?
-10
Convert -96 (base 10) to base 8.
-140
-4 (base 7) to base 13
-4
What is 1 (base 4) in base 2?
1
What is -13 (base 11) in base 6?
-22
-1 (base 16) to base 5
-1
Convert 11 (base 4) to base 10.
5
Convert 20101 (base 3) to base 9.
211
7a (base 12) to base 16
5e
58 (base 15) to base 12
6b
What is -1 (base 10) in base 6?
-1
Convert 110 (base 3) to base 11.
11
-43 (base 8) to base 7
-50
Convert -20 (base 11) to base 2.
-10110
Convert -2 (base 4) to base 6.
-2
27 (base 9) to base 8
31
Convert 124 (base 7) to base 2.
1000011
Convert -49 (base 16) to base 4.
-1021
What is -2 (base 9) in base 16?
-2
What is 2 (base 16) in base 11?
2
4 (base 9) to base 15
4
Convert 104 (base 6) to base 5.
130
-1203 (base 4) to base 3
-10200
12 (base 6) to base 14
8
Convert -1 (base 15) to base 5.
-1
What is 244 (base 11) in base 2?
100100010
Convert 85 (base 12) to base 4.
1211
1110 (base 2) to base 8
16
11 (base 4) to base 13
5
Convert 4 (base 13) to base 7.
4
Convert 32 (base 5) to base 15.
12
Convert -1 (base 10) to base 7.
-1
Convert -11 (base 12) to base 8.
-15
What is -63 (base 7) in base 6?
-113
What is -9 (base 16) in base 2?
-1001
Convert -170 (base 16) to base 14.
-1c4
-c (base 15) to base 14
-c
Convert -33 (base 6) to base 3.
-210
-16 (base 15) to base 7
-30
Convert 100100 (base 2) to base 14.
28
Convert -2 (base 3) to base 11.
-2
Convert 33 (base 10) to base 5.
113
What is -5 (base 12) in base 11?
-5
Convert 22 (base 8) to base 14.
14
-120 (base 4) to base 14
-1a
-5 (base 13) to base 16
-5
What is -cc (base 13) in base 2?
-10101000
Convert 7 (base 11) to base 15.
7
What is 10 (base 2) in base 10?
2
-28 (base 11) to base 14
-22
What is -111 (base 2) in base 14?
-7
What is 133 (base 8) in base 13?
70
53 (base 15) to base 13
60
-8 (base 10) to base 9
-8
What is -7 (base 12) in base 9?
-7
3 (base 5) to base 3
10
-4 (base 15) to base 7
-4
48 (base 16) to base 10
72
What is -22 (base 3) in base 2?
-1000
Convert -9c (base 13) to base 15.
-89
What is 4c (base 15) in base 2?
1001000
What is 3 (base 14) in base 5?
3
Convert -10 (base 3) to base 2.
-11
Convert -202 (base 9) to base 15.
-ae
What is 45 (base 8) in base 11?
34
What is -4 (base 15) in base 7?
-4
What is -5 (base 9) in base 8?
-5
Convert -11011110 (base 2) to base 3.
-22020
Convert -2 (base 7) to base 8.
-2
What is -1 (base 4) in base 2?
-1
Convert -525 (base 6) to base 5.
-1242
-102 (base 3) to base 2
-1011
-215 (base 6) to base 14
-5d
Convert 2 (base 8) to base 2.
10
Convert -10 (base 11) to base 6.
-15
What is -1110 (base 2) in base 12?
-12
-28 (base 11) to base 9
-33
What is -7 (base 16) in base 2?
-111
-303 (base 4) to base 3
-1220
2210 (base 4) to base 14
ba
Convert -332 (base 4) to base 8.
-76
What is 30 (base 9) in base 4?
123
18 (base 13) to base 9
23
-6 (base 11) to base 13
-6
Convert 4 (base 11) to base 12.
4
0 (base 12) to base 13
0
What is -453 (base 7) in base 5?
-1414
What is 1100111 (base 2) in base 15?
6d
Convert -3 (base 5) to base 9.
-3
Convert -27 (base 13) to base 7.
-45
1000 (base 2) to base 12
8
Convert 3 (base 15) to base 11.
3
What is 23 (base 9) in base 3?
210
Convert -13 (base 9) to base 2.
-1100
What is -2 (base 16) in base 14?
-2
27 (base 10) to base 14
1d
Convert -42 (base 6) to base 8.
-32
What is 88 (base 10) in base 2?
1011000
What is 1 (base 13) in base 12?
1
-1 (base 16) to base 6
-1
Convert 25 (base 8) to base 4.
111
What is 66 (base 8) in base 7?
105
Convert 1000 (base 2) to base 5.
13
What is -8 (base 9) in base 14?
-8
11 (base 12) to base 15
d
Convert 8 (base 9) to base 16.
8
What is -121 (base 3) in base 10?
-16
23 (base 8) to base 12
17
Convert 2 (base 5) to base 3.
2
0 (base 3) to base 11
0
Convert -1213 (base 4) to base 9.
-124
What is -3 (base 14) in base 11?
-3
Convert 3a (base 16) to base 7.
112
Convert -12202 (base 3) to base 2.
-10011011
3 (base 13) to base 14
3
What is 101111010 (base 2) in base 15?
1a3
-27 (base 10) to base 4
-123
Convert 49 (base 16) to base 7.
133
What is 1021 (base 4) in base 3?
2201
-12 (base 5) to base 2
-111
Convert -12 (base 13) to base 4.
-33
-a (base 11) to base 15
-a
Convert 111101 (base 2) to base 5.
221
What is -306 (base 7) in base 13?
-ba
What is 1 (base 15) in base 16?
1
b (base 16) to base 8
13
0 (base 8) to base 12
0
Convert 1 (base 16) to base 15.
1
-37 (base 16) to base 10
-55
15 (base 11) to base 14
12
Convert 212 (base 5) to base 4.
321
Convert 244 (base 5) to base 14.
54
Convert 0 (base 5) to base 15.
0
-87 (base 10) to base 16
-57
Convert b (base 12) to base 10.
11
Convert 27 (base 13) to base 16.
21
What is -201 (base 3) in base 15?
-14
9 (base 15) to base 16
9
Convert -51 (base 12) to base 13.
-49
2 (base 5) to base 11
2
What is -15 (base 10) in base 15?
-10
-115 (base 9) to base 7
-164
-32 (base 9) to base 8
-35
-1 (base 3) to base 4
-1
Convert 1 (base 13) to base 15.
1
-4 (base 13) to base 12
-4
Convert -1501 (base 6) to base 10.
-397
101 (base 2) to base 12
5
1314 (base 5) to base 4
3101
1 (base 9) to base 7
1
What is -2233 (base 4) in base 15?
-ba
-15 (base 12) to base 7
-23
Convert -3d (base 14) to base 13.
-43
Convert 1 (base 14) to base 13.
1
-271 (base 9) to base 6
-1014
-3 (base 15) to base 16
-3
Convert 2 (base 12) to base 6.
2
2 (base 9) to base 4
2
What is -2 (base 6) in base 12?
-2
Convert 58 (base 11) to base 8.
77
Convert 39 (base 14) to base 8.
63
Convert 2 (base 9) to base 14.
2
Convert -13 (base 7) to base 2.
-1010
What is 10 (base 15) in base 3?
120
1000000 (base 2) to base 13
4c
What is -2011 (base 3) in base 14?
-42
171 (base 8) to base 10
121
-2 (base 4) to base 2
-10
0 (base 12) to base 10
0
What is -12 (base 3) in base 2?
-101
What is a2 (base 12) in base 9?
145
What is 0 (base 16) in base 11?
0
Convert -7 (base 10) to base 5.
-12
65 (base 16) to base 3
10202
4 (base 16) to base 11
4
3 (base 6) to base 13
3
11 (base 16) to base 3
122
What is -5 (base 15) in base 4?
-11
-1 (base 16) to base 4
-1
Convert -6 (base 14) to base 5.
-11
-110101 